ulate the remainder when 419 is divided by 8.
3
What is the remainder when 121 is divided by 64?
57
Calculate the remainder when 1407 is divided by 1404.
3
Calculate the remainder when 1714 is divided by 49.
48
Calculate the remainder when 717 is divided by 103.
99
Calculate the remainder when 154 is divided by 20.
14
Calculate the remainder when 493 is divided by 124.
121
What is the remainder when 151 is divided by 21?
4
What is the remainder when 917 is divided by 114?
5
Calculate the remainder when 221 is divided by 40.
21
What is the remainder when 1474 is divided by 148?
142
Calculate the remainder when 20 is divided by 17.
3
What is the remainder when 4544 is divided by 18?
8
What is the remainder when 6627 is divided by 15?
12
What is the remainder when 25407 is divided by 21?
18
Calculate the remainder when 735 is divided by 11.
9
What is the remainder when 1639 is divided by 544?
7
What is the remainder when 53 is divided by 20?
13
Calculate the remainder when 70 is divided by 11.
4
What is the remainder when 320 is divided by 25?
20
What is the remainder when 267 is divided by 10?
7
What is the remainder when 25758 is divided by 112?
110
What is the remainder when 2713 is divided by 59?
58
Calculate the remainder when 293 is divided by 59.
57
Calculate the remainder when 3824 is divided by 58.
54
What is the remainder when 2889 is divided by 49?
47
Calculate the remainder when 911 is divided by 295.
26
Calculate the remainder when 84 is divided by 47.
37
Calculate the remainder when 46 is divided by 34.
12
Calculate the remainder when 68 is divided by 11.
2
Calculate the remainder when 156 is divided by 132.
24
Calculate the remainder when 65 is divided by 29.
7
What is the remainder when 212 is divided by 8?
4
What is the remainder when 753 is divided by 29?
28
Calculate the remainder when 720 is divided by 228.
36
Calculate the remainder when 411 is divided by 77.
26
What is the remainder when 362 is divided by 163?
36
Calculate the remainder when 161 is divided by 32.
1
Calculate the remainder when 207 is divided by 19.
17
Calculate the remainder when 900 is divided by 61.
46
Calculate the remainder when 178 is divided by 60.
58
Calculate the remainder when 154 is divided by 6.
4
Calculate the remainder when 8414 is divided by 55.
54
What is the remainder when 327 is divided by 80?
7
What is the remainder when 258 is divided by 26?
24
What is the remainder when 134 is divided by 122?
12
Calculate the remainder when 447 is divided by 125.
72
What is the remainder when 30999 is divided by 25?
24
What is the remainder when 532 is divided by 77?
70
Calculate the remainder when 33 is divided by 6.
3
What is the remainder when 1001 is divided by 5?
1
What is the remainder when 442 is divided by 111?
109
Calculate the remainder when 39 is divided by 6.
3
What is the remainder when 509 is divided by 27?
23
Calculate the remainder when 2610 is divided by 201.
198
What is the remainder when 568 is divided by 192?
184
What is the remainder when 575 is divided by 152?
119
Calculate the remainder when 58 is divided by 31.
27
What is the remainder when 10275 is divided by 24?
3
Calculate the remainder when 609 is divided by 132.
81
Calculate the remainder when 2062 is divided by 43.
41
Calculate the remainder when 245 is divided by 244.
1
What is the remainder when 806 is divided by 30?
26
Calculate the remainder when 94 is divided by 19.
18
What is the remainder when 586 is divided by 40?
26
What is the remainder when 562 is divided by 94?
92
What is the remainder when 447 is divided by 218?
11
Calculate the remainder when 588 is divided by 19.
18
Calculate the remainder when 2016 is divided by 671.
3
What is the remainder when 89 is divided by 19?
13
What is the remainder when 1582 is divided by 88?
86
Calculate the remainder when 92 is divided by 24.
20
Calculate the remainder when 145 is divided by 26.
15
What is the remainder when 372 is divided by 47?
43
Calculate the remainder when 124 is divided by 57.
10
Calculate the remainder when 176 is divided by 45.
41
Calculate the remainder when 618 is divided by 19.
10
Calculate the remainder when 62 is divided by 48.
14
Calculate the remainder when 154 is divided by 13.
11
Calculate the remainder when 156 is divided by 8.
4
What is the remainder when 871 is divided by 23?
20
Calculate the remainder when 665 is divided by 10.
5
Calculate the remainder when 314 is divided by 10.
4
What is the remainder when 148 is divided by 43?
19
Calculate the remainder when 862 is divided by 285.
7
Calculate the remainder when 160 is divided by 72.
16
What is the remainder when 2476 is divided by 190?
6
Calculate the remainder when 222 is divided by 25.
22
What is the remainder when 296 is divided by 30?
26
What is the remainder when 48 is divided by 9?
3
What is the remainder when 1651 is divided by 58?
27
Calculate the remainder when 79 is divided by 43.
36
Calculate the remainder when 48 is divided by 8.
0
What is the remainder when 193 is divided by 69?
55
What is the remainder when 4984 is divided by 104?
96
What is the remainder when 5411 is divided by 271?
262
What is the remainder when 1537 is divided by 307?
2
Calculate the remainder when 4621 is divided by 1539.
4
What is the remainder when 1289 is divided by 5?
4
Calculate the remainder when 484 is divided by 71.
58
Calculate the remainder when 109 is divided by 34.
7
Calculate the remainder when 1235 is divided by 121.
25
Calculate the remainder when 68 is divided by 57.
11
What is the remainder when 1531 is divided by 78?
49
What is the remainder when 164 is divided by 46?
26
Calculate the remainder when 1139 is divided by 342.
113
Calculate the remainder when 2785 is divided by 45.
40
Calculate the remainder when 64 is divided by 26.
12
Calculate the remainder when 3190 is divided by 57.
55
What is the remainder when 372 is divided by 126?
120
Calculate the remainder when 5 is divided by 4.
1
Calculate the remainder when 631 is divided by 158.
157
Calculate the remainder when 726 is divided by 64.
22
Calculate the remainder when 57 is divided by 7.
1
What is the remainder when 10153 is divided by 40?
33
What is the remainder when 204 is divided by 59?
27
Calculate the remainder when 4986 is divided by 29.
27
Calculate the remainder when 562 is divided by 6.
4
What is the remainder when 48474 is divided by 35?
34
Calculate the remainder when 152 is divided by 50.
2
What is the remainder when 4524 is divided by 25?
24
Calculate the remainder when 124 is divided by 10.
4
What is the remainder when 367 is divided by 63?
52
What is the remainder when 2682 is divided by 298?
0
What is the remainder when 99 is divided by 4?
3
Calculate the remainder when 46 is divided by 17.
12
Calculate the remainder when 745 is divided by 187.
184
Calculate the remainder when 15643 is divided by 37.
29
What is the remainder when 89 is divided by 16?
9
Calculate the remainder when 56 is divided by 15.
11
What is the remainder when 97 is divided by 11?
9
Calculate the remainder when 1035 is divided by 172.
3
What is the remainder when 259 is divided by 65?
64
What is the remainder when 1413 is divided by 237?
228
What is the remainder when 284 is divided by 145?
139
Calculate the remainder when 203 is divided by 103.
100
Calculate the remainder when 357 is divided by 49.
14
Calculate the remainder when 294 is divided by 59.
58
What is the remainder when 4218 is divided by 201?
198
What is the remainder when 863 is divided by 12?
11
Calculate the remainder when 1120 is divided by 59.
58
Calculate the remainder when 570 is divided by 150.
120
What is the remainder when 5484 is divided by 1827?
3
What is the remainder when 359 is divided by 19?
17
Calculate the remainder when 250 is divided by 14.
12
Calculate the remainder when 363 is divided by 14.
13
What is the remainder when 393 is divided by 66?
63
What is the remainder when 188 is divided by 12?
8
Calculate the remainder when 3502 is divided by 12.
10
Calculate the remainder when 224 is divided by 144.
80
What is the remainder when 808 is divided by 52?
28
Calculate the remainder when 369 is divided by 29.
21
Calculate the remainder when 82 is divided by 20.
2
What is the remainder when 20181 is divided by 67